{"id":17931,"date":"2025-07-17T15:13:52","date_gmt":"2025-07-17T19:13:52","guid":{"rendered":"http:\/\/192.168.10.47\/?page_id=17931"},"modified":"2025-07-17T15:56:54","modified_gmt":"2025-07-17T19:56:54","slug":"contacto2","status":"publish","type":"page","link":"https:\/\/sepdep.gob.bo\/index.php\/contacto2\/","title":{"rendered":"Direcciones"},"content":{"rendered":"\n<table id=\"tablepress-5\" class=\"tablepress tablepress-id-5\">\n<thead>\n<tr class=\"row-1\">\n\t<th class=\"column-1\">Direcci\u00f3n, d\u00edas y horarios de atenci\u00f3n <\/th><th class=\"column-2\">Ubicaci\u00f3n Google Maps<\/th>\n<\/tr>\n<\/thead>\n<tbody class=\"row-striping row-hover\">\n<tr class=\"row-2\">\n\t<td class=\"column-1\"><strong>DIRECCI\u00d3N NACIONAL<\/strong> \u2013 LA PAZ<br \/>\nCALLE BATALL\u00d3N COLORADOS, EDIFICIO \u00abEL CONDOR\u00bb, N.24, PISO 13<br \/>\nHorario: lunes a viernes<br \/>\n08:30 \u2013 16:30<br \/>\nTEL \u2013 2150137 <\/td><td class=\"column-2\"><iframe src=\"https:\/\/www.google.com\/maps\/embed?pb=!1m14!1m8!1m3!1d9434.100664323136!2d-68.130668!3d-16.503711!3m2!1i1024!2i768!4f13.1!3m3!1m2!1s0x915f20653f3a3e83%3A0xa7309ded0b6ed180!2sSEPDEP%20DEFENSA%20PUBLICA%20LA%20PAZ!5e1!3m2!1ses!2sbo!4v1752779829080!5m2!1ses!2sbo\" width=\"400\" height=\"200\" style=\"border:0;\" allowfullscreen=\"\" loading=\"lazy\" referrerpolicy=\"no-referrer-when-downgrade\"><\/iframe><\/td>\n<\/tr>\n<tr class=\"row-3\">\n\t<td class=\"column-1\"><strong>LA PAZ<\/strong><br \/>\nCALLE BATALL\u00d3N COLORADOS \u2013 EDIFICIO \u00abEL CONDOR\u00bb, N.24, PISO 1<br \/>\nHorario: lunes a viernes<br \/>\n08:30 \u2013 16:30<br \/>\nTEL \u2013 2115772 <br \/>\nCEL - 72040292<\/td><td class=\"column-2\"><iframe src=\"https:\/\/www.google.com\/maps\/embed?pb=!1m14!1m8!1m3!1d9434.100664323136!2d-68.130668!3d-16.503711!3m2!1i1024!2i768!4f13.1!3m3!1m2!1s0x915f20653f3a3e83%3A0xa7309ded0b6ed180!2sSEPDEP%20DEFENSA%20PUBLICA%20LA%20PAZ!5e1!3m2!1ses!2sbo!4v1752779829080!5m2!1ses!2sbo\" width=\"400\" height=\"200\" style=\"border:0;\" allowfullscreen=\"\" loading=\"lazy\" referrerpolicy=\"no-referrer-when-downgrade\"><\/iframe><\/td>\n<\/tr>\n<tr class=\"row-4\">\n\t<td class=\"column-1\"><strong>SANTA CRUZ<\/strong><br \/>\nEDIFICIO CASANOVA PISO 5 (BENI ROAD, SANTA CRUZ, BOLIVIA)<br \/>\nHorario: lunes a viernes<br \/>\n08:30 \u2013 16:30<br \/>\nTEL.: 33122444\"<\/td><td class=\"column-2\"><iframe src=\"https:\/\/www.google.com\/maps\/embed?pb=!1m14!1m8!1m3!1d1171.2285396798045!2d-63.180201!3d-17.773769!3m2!1i1024!2i768!4f13.1!3m3!1m2!1s0x93f1e7e00e248a7b%3A0xd5ca514cfba37b56!2sEdificio%20Casanovas%20Oficina%20F.P.S%20P8!5e1!3m2!1ses!2sbo!4v1752781027638!5m2!1ses!2sbo\" width=\"400\" height=\"200\" style=\"border:0;\" allowfullscreen=\"\" loading=\"lazy\" referrerpolicy=\"no-referrer-when-downgrade\"><\/iframe><\/td>\n<\/tr>\n<tr class=\"row-5\">\n\t<td class=\"column-1\"><strong>COCHABAMBA<\/strong><br \/>\nCALLE JORDAN N\u00ba 672 ENTRE ANTEZANA Y LANZA EDIFICIO ALY<br \/>\nHorario: lunes a viernes<br \/>\n08:30 \u2013 16:30<br \/>\nTEL \u2013 4508263<br \/>\nCel - 72040365<\/td><td class=\"column-2\"><iframe src=\"https:\/\/www.google.com\/maps\/embed?pb=!1m14!1m8!1m3!1d1173.6869108410774!2d-66.152065!3d-17.394692!3m2!1i1024!2i768!4f13.1!3m3!1m2!1s0x93e373f9ec7b69b3%3A0x9b521ba5a8bbda69!2sEdificio%20Aly!5e1!3m2!1ses!2sbo!4v1752781349350!5m2!1ses!2sbo\" width=\"400\" height=\"200\" style=\"border:0;\" allowfullscreen=\"\" loading=\"lazy\" referrerpolicy=\"no-referrer-when-downgrade\"><\/iframe><\/td>\n<\/tr>\n<tr class=\"row-6\">\n\t<td class=\"column-1\"><strong>BENI<\/strong><br \/>\nAVENIDA 18 DE NOVIEMBRE N\u00ba 66 Oficina 1<br \/>\nHorario: lunes a viernes<br \/>\n08:30 \u2013 16:30<br \/>\nTEL.: 50244314<br \/>\ncel - 72008292<\/td><td class=\"column-2\"><iframe src=\"https:\/\/www.google.com\/maps\/embed?pb=!1m14!1m8!1m3!1d1730.7242826665279!2d-64.90493405741917!3d-14.82946868615002!3m2!1i1024!2i768!4f13.1!3m3!1m2!1s0x93dd718c69c6cb6f%3A0x869814fff7cb31fa!2sOftalmol%C3%B3gico%20Acacia!5e1!3m2!1ses!2sbo!4v1752781514188!5m2!1ses!2sbo\" width=\"400\" height=\"200\" style=\"border:0;\" allowfullscreen=\"\" loading=\"lazy\" referrerpolicy=\"no-referrer-when-downgrade\"><\/iframe><\/td>\n<\/tr>\n<tr class=\"row-7\">\n\t<td class=\"column-1\"><strong>CHUQUISACA<\/strong><br \/>\nCALLE GREGORIO MENDIZABAL N\u00ba 325<br \/>\nHorario: lunes a viernes<br \/>\n08:30 \u2013 16:30<br \/>\nTEL.: 46911914<br \/>\ncel - 72040355<\/td><td class=\"column-2\"><iframe src=\"https:\/\/www.google.com\/maps\/embed?pb=!1m14!1m8!1m3!1d2325.2914122652164!2d-65.263879!3d-19.040017!3m2!1i1024!2i768!4f13.1!3m3!1m2!1s0x93fbc9b532d1cccf%3A0x1fef361c279c604f!2sOFICINA%20REGIONAL%20Ministerio%20de%20Justicia%20-%20Vice%20Ministerio%20de%20Transparencia!5e1!3m2!1ses!2sbo!4v1752781803919!5m2!1ses!2sbo\" width=\"400\" height=\"200\" style=\"border:0;\" allowfullscreen=\"\" loading=\"lazy\" referrerpolicy=\"no-referrer-when-downgrade\"><\/iframe><\/td>\n<\/tr>\n<tr class=\"row-8\">\n\t<td class=\"column-1\"><strong>POTOS\u00cd<\/strong><br \/>\nAVENIDA EL MAESTRO N\u00ba 354 EDIFICIO SANTA ROSA 2DO PISO<br \/>\nHorario: lunes a viernes<br \/>\n08:30 \u2013 16:30<br \/>\nTEL.: 26124723<br \/>\ncel- 72035097<\/td><td class=\"column-2\"><iframe src=\"https:\/\/www.google.com\/maps\/embed?pb=!1m14!1m8!1m3!1d4635.147390694502!2d-65.757489!3d-19.583587!3m2!1i1024!2i768!4f13.1!3m3!1m2!1s0x93f94ff0f6f55ef5%3A0xe9591d95203fb99a!2sEdificio%20Santa%20Rosa%20Foto%20Estudio%20MEGA%20PIXEL!5e1!3m2!1ses!2sbo!4v1752781864953!5m2!1ses!2sbo\" width=\"400\" height=\"200\" style=\"border:0;\" allowfullscreen=\"\" loading=\"lazy\" referrerpolicy=\"no-referrer-when-downgrade\"><\/iframe><\/td>\n<\/tr>\n<tr class=\"row-9\">\n\t<td class=\"column-1\"><strong>COBIJA-PANDO<\/strong><br \/>\nPLAZA GERMAN BUSCH, EDIFICIO EX-ECOBOL, ZONA CENTRAL<br \/>\nHorario: lunes a viernes<br \/>\n08:00 \u2013 16:30<br \/>\nCEL.: 72035108<\/td><td class=\"column-2\"><iframe src=\"https:\/\/www.google.com\/maps\/embed?pb=!1m14!1m8!1m3!1d1075.54998977153!2d-68.75441491056893!3d-11.01777423119941!3m2!1i1024!2i768!4f13.1!3m3!1m2!1s0x917eb0d2e028f417%3A0xdf8592eed7218866!2sC.%20Bruno%20Racua%2C%20Cobija!5e1!3m2!1ses!2sbo!4v1752782038713!5m2!1ses!2sbo\" width=\"400\" height=\"200\" style=\"border:0;\" allowfullscreen=\"\" loading=\"lazy\" referrerpolicy=\"no-referrer-when-downgrade\"><\/iframe><\/td>\n<\/tr>\n<tr class=\"row-10\">\n\t<td class=\"column-1\"><strong>TARIJA<\/strong><br \/>\nCalle Virginio Lema esq. Calle Sucre. Ed. De ECOBOL 4 TO . PISO<br \/>\nHorario: lunes a viernes }<br \/>\n08:30 \u2013 16:30<br \/>\nTEL.: 639441<br \/>\ncel - 72035194<\/td><td class=\"column-2\"><iframe src=\"https:\/\/www.google.com\/maps\/embed?pb=!1m14!1m8!1m3!1d1144.074041493464!2d-64.734228!3d-21.535355!3m2!1i1024!2i768!4f13.1!3m3!1m2!1s0x940647e18901833d%3A0xc9042d6e30be9228!2sECOBOL%20-%20Empresa%20de%20Correos%20de%20Bolivia!5e1!3m2!1ses!2sbo!4v1752782093126!5m2!1ses!2sbo\" width=\"400\" height=\"200\" style=\"border:0;\" allowfullscreen=\"\" loading=\"lazy\" referrerpolicy=\"no-referrer-when-downgrade\"><\/iframe><\/td>\n<\/tr>\n<tr class=\"row-11\">\n\t<td class=\"column-1\"><strong>ORURO<\/strong><br \/>\nCALLE JUN\u00cdN N\u00ba 1030<br \/>\nHorario: lunes a viernes<br \/>\n08:30 \u2013 16:30<br \/>\nTEL.: 25111963<br \/>\ncel - 72007346<\/td><td class=\"column-2\"><iframe src=\"https:\/\/www.google.com\/maps\/embed?pb=!1m14!1m8!1m3!1d1169.9533491097611!2d-67.116994!3d-17.967351!3m2!1i1024!2i768!4f13.1!3m3!1m2!1s0x93e2b0bd42fb2b4f%3A0xf50be2fae522d49!2sJun%C3%ADn%201030%2C%20Oruro!5e1!3m2!1ses!2sbo!4v1752782131531!5m2!1ses!2sbo\" width=\"400\" height=\"200\" style=\"border:0;\" allowfullscreen=\"\" loading=\"lazy\" referrerpolicy=\"no-referrer-when-downgrade\"><\/iframe><\/td>\n<\/tr>\n<\/tbody>\n<\/table>\n<!-- #tablepress-5 from cache -->\n\n\n\n<p><\/p>\n","protected":false},"excerpt":{"rendered":"","protected":false},"author":16,"featured_media":0,"parent":0,"menu_order":0,"comment_status":"closed","ping_status":"closed","template":"","meta":{"_acf_changed":false,"footnotes":""},"class_list":["post-17931","page","type-page","status-publish","hentry"],"acf":[],"_links":{"self":[{"href":"https:\/\/sepdep.gob.bo\/index.php\/wp-json\/wp\/v2\/pages\/17931","targetHints":{"allow":["GET"]}}],"collection":[{"href":"https:\/\/sepdep.gob.bo\/index.php\/wp-json\/wp\/v2\/pages"}],"about":[{"href":"https:\/\/sepdep.gob.bo\/index.php\/wp-json\/wp\/v2\/types\/page"}],"author":[{"embeddable":true,"href":"https:\/\/sepdep.gob.bo\/index.php\/wp-json\/wp\/v2\/users\/16"}],"replies":[{"embeddable":true,"href":"https:\/\/sepdep.gob.bo\/index.php\/wp-json\/wp\/v2\/comments?post=17931"}],"version-history":[{"count":8,"href":"https:\/\/sepdep.gob.bo\/index.php\/wp-json\/wp\/v2\/pages\/17931\/revisions"}],"predecessor-version":[{"id":18011,"href":"https:\/\/sepdep.gob.bo\/index.php\/wp-json\/wp\/v2\/pages\/17931\/revisions\/18011"}],"wp:attachment":[{"href":"https:\/\/sepdep.gob.bo\/index.php\/wp-json\/wp\/v2\/media?parent=17931"}],"curies":[{"name":"wp","href":"https:\/\/api.w.org\/{rel}","templated":true}]}}