{"id":440,"date":"2024-04-05T21:35:45","date_gmt":"2024-04-05T19:35:45","guid":{"rendered":"http:\/\/192.168.10.47\/?page_id=440"},"modified":"2025-07-25T14:33:39","modified_gmt":"2025-07-25T18:33:39","slug":"cpe","status":"publish","type":"page","link":"https:\/\/sepdep.gob.bo\/index.php\/cpe\/","title":{"rendered":"\u00bfQu\u00e9 es el SEPDEP?"},"content":{"rendered":"\n<figure class=\"wp-block-video\"><video controls src=\"https:\/\/sepdep.gob.bo\/wp-content\/uploads\/2025\/07\/WhatsApp-Video-2021-03-03-at-4.34.31-PM.mp4\"><\/video><\/figure>\n\n\n\n<h3 class=\"wp-block-heading\">\u00bfQu\u00e9 hace el SEPDEP?<\/h3>\n\n\n\n<ul class=\"wp-block-list\">\n<li><strong>Defiende a personas acusadas de un delito penal<\/strong> , que no tienen abogado y no pueden pagar uno.<\/li>\n\n\n\n<li class=\"justificado\"><strong>Ayuda en procesos penales<\/strong>, desde la etapa de investigaci\u00f3n hasta el juicio.<\/li>\n\n\n\n<li>Garantiza que cualquier persona, <strong>sin importar su situaci\u00f3n econ\u00f3mica<\/strong>, tenga acceso a una defensa justa, como lo dice la Constituci\u00f3n.<\/li>\n<\/ul>\n\n\n\n<h3 class=\"wp-block-heading\">\u00bfA qui\u00e9nes ayuda?<\/h3>\n\n\n\n<ul class=\"wp-block-list\">\n<li>A personas <strong>con escasos recursos econ\u00f3micos.<\/strong><\/li>\n\n\n\n<li class=\"justificado\">A quienes est\u00e1n <strong>detenidas<\/strong> o <strong>procesadas penalmente<\/strong> y necesitan un abogado del Estado.<\/li>\n\n\n\n<li class=\"justificado\">Se da trato especial a persona vulnerables como <strong>mujeres v\u00edctimas de violencia<\/strong>, ni\u00f1as, ni\u00f1os, adolescentes, personas con discapacidad y adultos mayores.<\/li>\n<\/ul>\n\n\n\n<h3 class=\"wp-block-heading\">\u00bfPor qu\u00e9 existe?<\/h3>\n\n\n\n<p class=\"justificado\">Porque la <strong>Constituci\u00f3n Pol\u00edtica del Estado<\/strong> garantiza que todos tengan derecho a la defensa y a un juicio justo, incluso si no pueden pagar un abogado. El SEPDEP es el encargado de que ese derecho se cumpla en la pr\u00e1ctica.<\/p>\n","protected":false},"excerpt":{"rendered":"<p>\u00bfQu\u00e9 hace el SEPDEP? \u00bfA qui\u00e9nes ayuda? \u00bfPor qu\u00e9 existe? Porque la Constituci\u00f3n Pol\u00edtica del Estado garantiza que todos tengan derecho a la defensa y a un juicio justo, incluso si no pueden pagar un abogado. El SEPDEP es el encargado de que ese derecho se cumpla en la pr\u00e1ctica.<\/p>\n","protected":false},"author":16,"featured_media":0,"parent":0,"menu_order":0,"comment_status":"closed","ping_status":"closed","template":"","meta":{"_acf_changed":false,"footnotes":""},"class_list":["post-440","page","type-page","status-publish","hentry"],"acf":[],"_links":{"self":[{"href":"https:\/\/sepdep.gob.bo\/index.php\/wp-json\/wp\/v2\/pages\/440","targetHints":{"allow":["GET"]}}],"collection":[{"href":"https:\/\/sepdep.gob.bo\/index.php\/wp-json\/wp\/v2\/pages"}],"about":[{"href":"https:\/\/sepdep.gob.bo\/index.php\/wp-json\/wp\/v2\/types\/page"}],"author":[{"embeddable":true,"href":"https:\/\/sepdep.gob.bo\/index.php\/wp-json\/wp\/v2\/users\/16"}],"replies":[{"embeddable":true,"href":"https:\/\/sepdep.gob.bo\/index.php\/wp-json\/wp\/v2\/comments?post=440"}],"version-history":[{"count":7,"href":"https:\/\/sepdep.gob.bo\/index.php\/wp-json\/wp\/v2\/pages\/440\/revisions"}],"predecessor-version":[{"id":18206,"href":"https:\/\/sepdep.gob.bo\/index.php\/wp-json\/wp\/v2\/pages\/440\/revisions\/18206"}],"wp:attachment":[{"href":"https:\/\/sepdep.gob.bo\/index.php\/wp-json\/wp\/v2\/media?parent=440"}],"curies":[{"name":"wp","href":"https:\/\/api.w.org\/{rel}","templated":true}]}}